{"id":574,"date":"2017-11-14T09:55:31","date_gmt":"2017-11-14T08:55:31","guid":{"rendered":"https:\/\/concentre.cat\/localitzacio\/"},"modified":"2019-01-08T10:39:21","modified_gmt":"2019-01-08T09:39:21","slug":"localizacion","status":"publish","type":"page","link":"https:\/\/concentre.cat\/es\/localizacion\/","title":{"rendered":"Localizaci\u00f3n"},"content":{"rendered":"<div class=\"wpb-content-wrapper\"><p>[vc_row][vc_column][vc_empty_space height=\u00bb50px\u00bb][vc_column_text]<\/p>\n<h1 style=\"text-align: left;\"><span style=\"color: #ae1b34;\"><u>Nuestra<\/u><\/span><br \/>\n<span style=\"color: #ae1b34;\"><u>LOCALIZACI\u00d3N<\/u><\/span><\/h1>\n<p>[\/vc_column_text][vc_empty_space height=\u00bb50px\u00bb][\/vc_column][\/vc_row][vc_row][vc_column width=\u00bb2\/3&#8243;][vc_column_text]<\/p>\n<h2>Concentre, situado en la Ametlla del Vall\u00e8s, es el espacio de negocios ideal para empresas del centro de Catalu\u00f1a<\/h2>\n<p>[\/vc_column_text][\/vc_column][vc_column width=\u00bb1\/3&#8243;][\/vc_column][\/vc_row][vc_row][vc_column][vc_empty_space height=\u00bb50px\u00bb][\/vc_column][\/vc_row][vc_row][vc_column width=\u00bb1\/3&#8243;][vc_column_text]<\/p>\n<h2><span style=\"color: #ae1b34;\">COMUNICACIONES<\/span><\/h2>\n<p>[\/vc_column_text][vc_column_text]<\/p>\n<h2>Situado justo al lado de la C-17, a 20 minutos de Barcelona y a 1 hora de Girona<\/h2>\n<p>[\/vc_column_text][\/vc_column][vc_column width=\u00bb2\/3&#8243;][vc_single_image image=\u00bb462&#8243; img_size=\u00bbfull\u00bb image_hovers=\u00bbfalse\u00bb][\/vc_column][\/vc_row][vc_row][vc_column][vc_empty_space height=\u00bb50px\u00bb][\/vc_column][\/vc_row][vc_row][vc_column width=\u00bb1\/3&#8243;][vc_column_text]<\/p>\n<h2><span style=\"color: #ae1b34;\">ZONA COMERCIAL<\/span><\/h2>\n<p>[\/vc_column_text][vc_column_text]<\/p>\n<h2>Estamos situados en el Centro Comercial Sant Jordi, complejo que dispone de restaurantes, supermercados, gimnasio, lavander\u00eda, farmacia y muchos m\u00e1s servicios, con zona de f\u00e1cil aparcamiento<\/h2>\n<h2><a href=\"http:\/\/centrecomercialsantjordi.com\/\" target=\"_blank\" rel=\"noopener noreferrer\">Visita\u00a0la web &gt;&gt;<\/a><\/h2>\n<p>[\/vc_column_text][\/vc_column][vc_column width=\u00bb2\/3&#8243;][vc_single_image image=\u00bb446&#8243; img_size=\u00bbfull\u00bb image_hovers=\u00bbfalse\u00bb][\/vc_column][\/vc_row][vc_row full_width=\u00bbstretch_row_content_no_spaces\u00bb css=\u00bb.vc_custom_1510661699587{margin-bottom: -25px !important;}\u00bb][vc_column][vc_empty_space height=\u00bb50px\u00bb][vc_gmaps link=\u00bb#E-8_JTNDaWZyYW1lJTIwc3JjJTNEJTIyaHR0cHMlM0ElMkYlMkZ3d3cuZ29vZ2xlLmNvbSUyRm1hcHMlMkZlbWJlZCUzRnBiJTNEJTIxMW0xOCUyMTFtMTIlMjExbTMlMjExZDI5MjQuMjU2OTI4Nzc1MjA1MyUyMTJkMi4yNjU3NjA4ODM4MTM4NzI1JTIxM2Q0MS42NjMyMDkwMTc3NzU0OCUyMTJtMyUyMTFmMCUyMTJmMCUyMTNmMCUyMTNtMiUyMTFpMTAyNCUyMTJpNzY4JTIxNGYxMy4xJTIxM20zJTIxMW0yJTIxMXMweDAlMjUzQTB4MCUyMTJ6TkRIQ3NETTVKelEyTGpNaVRpQXl3ckF4Tmljd05TNDFJa1UlMjE1ZTAlMjEzbTIlMjExc2NhJTIxMnNlcyUyMTR2MTUxMDY2Mjc4NDM3NiUyMiUyMHdpZHRoJTNEJTIyNjAwJTIyJTIwaGVpZ2h0JTNEJTIyNjAwJTIyJTIwZnJhbWVib3JkZXIlM0QlMjIwJTIyJTIwc3R5bGUlM0QlMjJib3JkZXIlM0EwJTIyJTIwYWxsb3dmdWxsc2NyZWVuJTNFJTNDJTJGaWZyYW1lJTNF\u00bb size=\u00bbfull\u00bb][\/vc_column][\/vc_row][vc_row bg_type=\u00bbbg_color\u00bb bg_override=\u00bbfull\u00bb bg_color_value=\u00bb#ae1b34&#8243;][vc_column][vc_empty_space height=\u00bb50px\u00bb][vc_empty_space height=\u00bb50px\u00bb][vc_column_text]<\/p>\n<h2 style=\"text-align: center;\"><a href=\"https:\/\/goo.gl\/maps\/e9qYfrJmkEq\" target=\"_blank\" rel=\"noopener noreferrer\"><span style=\"color: #ffffff;\">Abierto 365 d\u00edas al a\u00f1o<\/span><\/a><\/h2>\n<h2 style=\"text-align: center;\"><a href=\"https:\/\/goo.gl\/maps\/e9qYfrJmkEq\" target=\"_blank\" rel=\"noopener noreferrer\"><span style=\"color: #ffffff;\">Edificio Leiro<\/span><\/a><\/h2>\n<h2 style=\"text-align: center;\"><a href=\"https:\/\/goo.gl\/maps\/e9qYfrJmkEq\" target=\"_blank\" rel=\"noopener noreferrer\"><span style=\"color: #ffffff;\">Ctra. C17 &#8211; Km 27<\/span><\/a><\/h2>\n<h2 style=\"text-align: center;\"><a href=\"https:\/\/goo.gl\/maps\/e9qYfrJmkEq\" target=\"_blank\" rel=\"noopener noreferrer\"><span style=\"color: #ffffff;\">08480 &#8211; L\u2019Ametlla del Vall\u00e8s<\/span><\/a><\/h2>\n<p>[\/vc_column_text][vc_empty_space height=\u00bb50px\u00bb][vc_empty_space height=\u00bb50px\u00bb][\/vc_column][\/vc_row]<\/p>\n<\/div>","protected":false},"excerpt":{"rendered":"<p>[vc_row][vc_column][vc_empty_space height=\u00bb50px\u00bb][vc_column_text] Nuestra LOCALIZACI\u00d3N [\/vc_column_text][vc_empty_space height=\u00bb50px\u00bb][\/vc_column][\/vc_row][vc_row][vc_column width=\u00bb2\/3&#8243;][vc_column_text] Concentre, situado en la Ametlla del Vall\u00e8s, es el espacio de negocios ideal para empresas del centro de Catalu\u00f1a [\/vc_column_text][\/vc_column][vc_column width=\u00bb1\/3&#8243;][\/vc_column][\/vc_row][vc_row][vc_column][vc_empty_space height=\u00bb50px\u00bb][\/vc_column][\/vc_row][vc_row][vc_column width=\u00bb1\/3&#8243;][vc_column_text] COMUNICACIONES [\/vc_column_text][vc_column_text] Situado justo al lado de la C-17, a 20 minutos de Barcelona y a 1 hora de Girona [\/vc_column_text][\/vc_column][vc_column width=\u00bb2\/3&#8243;][vc_single_image image=\u00bb462&#8243; img_size=\u00bbfull\u00bb image_hovers=\u00bbfalse\u00bb][\/vc_column][\/vc_row][vc_row][vc_column][vc_empty_space&hellip;<\/p>\n","protected":false},"author":1,"featured_media":0,"parent":0,"menu_order":8,"comment_status":"closed","ping_status":"closed","template":"template-microsite.php","meta":{"footnotes":""},"class_list":["post-574","page","type-page","status-publish","hentry","description-off"],"yoast_head":"<!-- This site is optimized with the Yoast SEO plugin v26.3 - https:\/\/yoast.com\/wordpress\/plugins\/seo\/ -->\n<title>Localizaci\u00f3n del Centro de negocios en el Vall\u00e8s - Concentre<\/title>\n<meta name=\"description\" content=\"Estamos junto a la C-17, a 20min de Barcelona y en 1h de Girona. Dentro del Centro Comercial Sant Jordi, con restaurantes, supermercados, gimnasio, farmacia...\" \/>\n<meta name=\"robots\" content=\"index, follow, max-snippet:-1, max-image-preview:large, max-video-preview:-1\" \/>\n<link rel=\"canonical\" href=\"https:\/\/concentre.cat\/es\/localizacion\/\" \/>\n<meta property=\"og:locale\" content=\"es_ES\" \/>\n<meta property=\"og:type\" content=\"article\" \/>\n<meta property=\"og:title\" content=\"Localizaci\u00f3n del Centro de negocios en el Vall\u00e8s - Concentre\" \/>\n<meta property=\"og:description\" content=\"Estamos junto a la C-17, a 20min de Barcelona y en 1h de Girona. Dentro del Centro Comercial Sant Jordi, con restaurantes, supermercados, gimnasio, farmacia...\" \/>\n<meta property=\"og:url\" content=\"https:\/\/concentre.cat\/es\/localizacion\/\" \/>\n<meta property=\"og:site_name\" content=\"Concentre\" \/>\n<meta property=\"article:modified_time\" content=\"2019-01-08T09:39:21+00:00\" \/>\n<meta name=\"twitter:card\" content=\"summary_large_image\" \/>\n<meta name=\"twitter:label1\" content=\"Tiempo de lectura\" \/>\n\t<meta name=\"twitter:data1\" content=\"2 minutos\" \/>\n<script type=\"application\/ld+json\" class=\"yoast-schema-graph\">{\"@context\":\"https:\/\/schema.org\",\"@graph\":[{\"@type\":\"WebPage\",\"@id\":\"https:\/\/concentre.cat\/es\/localizacion\/\",\"url\":\"https:\/\/concentre.cat\/es\/localizacion\/\",\"name\":\"Localizaci\u00f3n del Centro de negocios en el Vall\u00e8s - Concentre\",\"isPartOf\":{\"@id\":\"https:\/\/concentre.cat\/#website\"},\"datePublished\":\"2017-11-14T08:55:31+00:00\",\"dateModified\":\"2019-01-08T09:39:21+00:00\",\"description\":\"Estamos junto a la C-17, a 20min de Barcelona y en 1h de Girona. Dentro del Centro Comercial Sant Jordi, con restaurantes, supermercados, gimnasio, farmacia...\",\"breadcrumb\":{\"@id\":\"https:\/\/concentre.cat\/es\/localizacion\/#breadcrumb\"},\"inLanguage\":\"es\",\"potentialAction\":[{\"@type\":\"ReadAction\",\"target\":[\"https:\/\/concentre.cat\/es\/localizacion\/\"]}]},{\"@type\":\"BreadcrumbList\",\"@id\":\"https:\/\/concentre.cat\/es\/localizacion\/#breadcrumb\",\"itemListElement\":[{\"@type\":\"ListItem\",\"position\":1,\"name\":\"Inici\",\"item\":\"https:\/\/concentre.cat\/es\/\"},{\"@type\":\"ListItem\",\"position\":2,\"name\":\"Localizaci\u00f3n\"}]},{\"@type\":\"WebSite\",\"@id\":\"https:\/\/concentre.cat\/#website\",\"url\":\"https:\/\/concentre.cat\/\",\"name\":\"Concentre\",\"description\":\"Centre de negocis al Vall\u00e8s - Lloguer d&#039;oficines i sales de reunions\",\"publisher\":{\"@id\":\"https:\/\/concentre.cat\/#organization\"},\"potentialAction\":[{\"@type\":\"SearchAction\",\"target\":{\"@type\":\"EntryPoint\",\"urlTemplate\":\"https:\/\/concentre.cat\/?s={search_term_string}\"},\"query-input\":{\"@type\":\"PropertyValueSpecification\",\"valueRequired\":true,\"valueName\":\"search_term_string\"}}],\"inLanguage\":\"es\"},{\"@type\":\"Organization\",\"@id\":\"https:\/\/concentre.cat\/#organization\",\"name\":\"Concentre - Centre de negocis al Vall\u00e8s\",\"url\":\"https:\/\/concentre.cat\/\",\"logo\":{\"@type\":\"ImageObject\",\"inLanguage\":\"es\",\"@id\":\"https:\/\/concentre.cat\/#\/schema\/logo\/image\/\",\"url\":\"https:\/\/concentre.cat\/wp-content\/uploads\/2017\/06\/Concentre_logo.png\",\"contentUrl\":\"https:\/\/concentre.cat\/wp-content\/uploads\/2017\/06\/Concentre_logo.png\",\"width\":860,\"height\":106,\"caption\":\"Concentre - Centre de negocis al Vall\u00e8s\"},\"image\":{\"@id\":\"https:\/\/concentre.cat\/#\/schema\/logo\/image\/\"}}]}<\/script>\n<!-- \/ Yoast SEO plugin. -->","yoast_head_json":{"title":"Localizaci\u00f3n del Centro de negocios en el Vall\u00e8s - Concentre","description":"Estamos junto a la C-17, a 20min de Barcelona y en 1h de Girona. Dentro del Centro Comercial Sant Jordi, con restaurantes, supermercados, gimnasio, farmacia...","robots":{"index":"index","follow":"follow","max-snippet":"max-snippet:-1","max-image-preview":"max-image-preview:large","max-video-preview":"max-video-preview:-1"},"canonical":"https:\/\/concentre.cat\/es\/localizacion\/","og_locale":"es_ES","og_type":"article","og_title":"Localizaci\u00f3n del Centro de negocios en el Vall\u00e8s - Concentre","og_description":"Estamos junto a la C-17, a 20min de Barcelona y en 1h de Girona. Dentro del Centro Comercial Sant Jordi, con restaurantes, supermercados, gimnasio, farmacia...","og_url":"https:\/\/concentre.cat\/es\/localizacion\/","og_site_name":"Concentre","article_modified_time":"2019-01-08T09:39:21+00:00","twitter_card":"summary_large_image","twitter_misc":{"Tiempo de lectura":"2 minutos"},"schema":{"@context":"https:\/\/schema.org","@graph":[{"@type":"WebPage","@id":"https:\/\/concentre.cat\/es\/localizacion\/","url":"https:\/\/concentre.cat\/es\/localizacion\/","name":"Localizaci\u00f3n del Centro de negocios en el Vall\u00e8s - Concentre","isPartOf":{"@id":"https:\/\/concentre.cat\/#website"},"datePublished":"2017-11-14T08:55:31+00:00","dateModified":"2019-01-08T09:39:21+00:00","description":"Estamos junto a la C-17, a 20min de Barcelona y en 1h de Girona. Dentro del Centro Comercial Sant Jordi, con restaurantes, supermercados, gimnasio, farmacia...","breadcrumb":{"@id":"https:\/\/concentre.cat\/es\/localizacion\/#breadcrumb"},"inLanguage":"es","potentialAction":[{"@type":"ReadAction","target":["https:\/\/concentre.cat\/es\/localizacion\/"]}]},{"@type":"BreadcrumbList","@id":"https:\/\/concentre.cat\/es\/localizacion\/#breadcrumb","itemListElement":[{"@type":"ListItem","position":1,"name":"Inici","item":"https:\/\/concentre.cat\/es\/"},{"@type":"ListItem","position":2,"name":"Localizaci\u00f3n"}]},{"@type":"WebSite","@id":"https:\/\/concentre.cat\/#website","url":"https:\/\/concentre.cat\/","name":"Concentre","description":"Centre de negocis al Vall\u00e8s - Lloguer d&#039;oficines i sales de reunions","publisher":{"@id":"https:\/\/concentre.cat\/#organization"},"potentialAction":[{"@type":"SearchAction","target":{"@type":"EntryPoint","urlTemplate":"https:\/\/concentre.cat\/?s={search_term_string}"},"query-input":{"@type":"PropertyValueSpecification","valueRequired":true,"valueName":"search_term_string"}}],"inLanguage":"es"},{"@type":"Organization","@id":"https:\/\/concentre.cat\/#organization","name":"Concentre - Centre de negocis al Vall\u00e8s","url":"https:\/\/concentre.cat\/","logo":{"@type":"ImageObject","inLanguage":"es","@id":"https:\/\/concentre.cat\/#\/schema\/logo\/image\/","url":"https:\/\/concentre.cat\/wp-content\/uploads\/2017\/06\/Concentre_logo.png","contentUrl":"https:\/\/concentre.cat\/wp-content\/uploads\/2017\/06\/Concentre_logo.png","width":860,"height":106,"caption":"Concentre - Centre de negocis al Vall\u00e8s"},"image":{"@id":"https:\/\/concentre.cat\/#\/schema\/logo\/image\/"}}]}},"_links":{"self":[{"href":"https:\/\/concentre.cat\/es\/wp-json\/wp\/v2\/pages\/574","targetHints":{"allow":["GET"]}}],"collection":[{"href":"https:\/\/concentre.cat\/es\/wp-json\/wp\/v2\/pages"}],"about":[{"href":"https:\/\/concentre.cat\/es\/wp-json\/wp\/v2\/types\/page"}],"author":[{"embeddable":true,"href":"https:\/\/concentre.cat\/es\/wp-json\/wp\/v2\/users\/1"}],"replies":[{"embeddable":true,"href":"https:\/\/concentre.cat\/es\/wp-json\/wp\/v2\/comments?post=574"}],"version-history":[{"count":0,"href":"https:\/\/concentre.cat\/es\/wp-json\/wp\/v2\/pages\/574\/revisions"}],"wp:attachment":[{"href":"https:\/\/concentre.cat\/es\/wp-json\/wp\/v2\/media?parent=574"}],"curies":[{"name":"wp","href":"https:\/\/api.w.org\/{rel}","templated":true}]}}

Localización

<div class="wpb-content-wrapper"><p>[vc_row][vc_column][vc_empty_space height=»50px»][vc_column_text]</p>
<h1 style="text-align: left;"><span style="color: #ae1b34;"><u>Nuestra</u></span><br />
<span style="color: #ae1b34;"><u>LOCALIZACIÓN</u></span></h1>
<p>[/vc_column_text][vc_empty_space height=»50px»][/vc_column][/vc_row][vc_row][vc_column width=»2/3&#8243;][vc_column_text]</p>
<h2>Concentre, situado en la Ametlla del Vallès, es el espacio de negocios ideal para empresas del centro de Cataluña</h2>
<p>[/vc_column_text][/vc_column][vc_column width=»1/3&#8243;][/vc_column][/vc_row][vc_row][vc_column][vc_empty_space height=»50px»][/vc_column][/vc_row][vc_row][vc_column width=»1/3&#8243;][vc_column_text]</p>
<h2><span style="color: #ae1b34;">COMUNICACIONES</span></h2>
<p>[/vc_column_text][vc_column_text]</p>
<h2>Situado justo al lado de la C-17, a 20 minutos de Barcelona y a 1 hora de Girona</h2>
<p>[/vc_column_text][/vc_column][vc_column width=»2/3&#8243;][vc_single_image image=»462&#8243; img_size=»full» image_hovers=»false»][/vc_column][/vc_row][vc_row][vc_column][vc_empty_space height=»50px»][/vc_column][/vc_row][vc_row][vc_column width=»1/3&#8243;][vc_column_text]</p>
<h2><span style="color: #ae1b34;">ZONA COMERCIAL</span></h2>
<p>[/vc_column_text][vc_column_text]</p>
<h2>Estamos situados en el Centro Comercial Sant Jordi, complejo que dispone de restaurantes, supermercados, gimnasio, lavandería, farmacia y muchos más servicios, con zona de fácil aparcamiento</h2>
<h2><a href="http://centrecomercialsantjordi.com/" target="_blank" rel="noopener noreferrer">Visita la web &gt;&gt;</a></h2>
<p>[/vc_column_text][/vc_column][vc_column width=»2/3&#8243;][vc_single_image image=»446&#8243; img_size=»full» image_hovers=»false»][/vc_column][/vc_row][vc_row full_width=»stretch_row_content_no_spaces» css=».vc_custom_1510661699587{margin-bottom: -25px !important;}»][vc_column][vc_empty_space height=»50px»][vc_gmaps link=»#E-8_JTNDaWZyYW1lJTIwc3JjJTNEJTIyaHR0cHMlM0ElMkYlMkZ3d3cuZ29vZ2xlLmNvbSUyRm1hcHMlMkZlbWJlZCUzRnBiJTNEJTIxMW0xOCUyMTFtMTIlMjExbTMlMjExZDI5MjQuMjU2OTI4Nzc1MjA1MyUyMTJkMi4yNjU3NjA4ODM4MTM4NzI1JTIxM2Q0MS42NjMyMDkwMTc3NzU0OCUyMTJtMyUyMTFmMCUyMTJmMCUyMTNmMCUyMTNtMiUyMTFpMTAyNCUyMTJpNzY4JTIxNGYxMy4xJTIxM20zJTIxMW0yJTIxMXMweDAlMjUzQTB4MCUyMTJ6TkRIQ3NETTVKelEyTGpNaVRpQXl3ckF4Tmljd05TNDFJa1UlMjE1ZTAlMjEzbTIlMjExc2NhJTIxMnNlcyUyMTR2MTUxMDY2Mjc4NDM3NiUyMiUyMHdpZHRoJTNEJTIyNjAwJTIyJTIwaGVpZ2h0JTNEJTIyNjAwJTIyJTIwZnJhbWVib3JkZXIlM0QlMjIwJTIyJTIwc3R5bGUlM0QlMjJib3JkZXIlM0EwJTIyJTIwYWxsb3dmdWxsc2NyZWVuJTNFJTNDJTJGaWZyYW1lJTNF» size=»full»][/vc_column][/vc_row][vc_row bg_type=»bg_color» bg_override=»full» bg_color_value=»#ae1b34&#8243;][vc_column][vc_empty_space height=»50px»][vc_empty_space height=»50px»][vc_column_text]</p>
<h2 style="text-align: center;"><a href="https://goo.gl/maps/e9qYfrJmkEq" target="_blank" rel="noopener noreferrer"><span style="color: #ffffff;">Abierto 365 días al año</span></a></h2>
<h2 style="text-align: center;"><a href="https://goo.gl/maps/e9qYfrJmkEq" target="_blank" rel="noopener noreferrer"><span style="color: #ffffff;">Edificio Leiro</span></a></h2>
<h2 style="text-align: center;"><a href="https://goo.gl/maps/e9qYfrJmkEq" target="_blank" rel="noopener noreferrer"><span style="color: #ffffff;">Ctra. C17 &#8211; Km 27</span></a></h2>
<h2 style="text-align: center;"><a href="https://goo.gl/maps/e9qYfrJmkEq" target="_blank" rel="noopener noreferrer"><span style="color: #ffffff;">08480 &#8211; L’Ametlla del Vallès</span></a></h2>
<p>[/vc_column_text][vc_empty_space height=»50px»][vc_empty_space height=»50px»][/vc_column][/vc_row]</p>
</div>

<p>[vc_row][vc_column][vc_empty_space height=»50px»][vc_column_text] Nuestra LOCALIZACIÓN [/vc_column_text][vc_empty_space height=»50px»][/vc_column][/vc_row][vc_row][vc_column width=»2/3&#8243;][vc_column_text] Concentre, situado en la Ametlla del Vallès, es el espacio de negocios ideal para empresas del centro de Cataluña [/vc_column_text][/vc_column][vc_column width=»1/3&#8243;][/vc_column][/vc_row][vc_row][vc_column][vc_empty_space height=»50px»][/vc_column][/vc_row][vc_row][vc_column width=»1/3&#8243;][vc_column_text] COMUNICACIONES [/vc_column_text][vc_column_text] Situado justo al lado de la C-17, a 20 minutos de Barcelona y a 1 hora de Girona [/vc_column_text][/vc_column][vc_column width=»2/3&#8243;][vc_single_image image=»462&#8243; img_size=»full» image_hovers=»false»][/vc_column][/vc_row][vc_row][vc_column][vc_empty_space&hellip;</p>

<!-- This site is optimized with the Yoast SEO plugin v26.3 - https://yoast.com/wordpress/plugins/seo/ -->
<title>Localización del Centro de negocios en el Vallès - Concentre</title>
<meta name="description" content="Estamos junto a la C-17, a 20min de Barcelona y en 1h de Girona. Dentro del Centro Comercial Sant Jordi, con restaurantes, supermercados, gimnasio, farmacia..." />
<meta name="robots" content="index, follow, max-snippet:-1, max-image-preview:large, max-video-preview:-1" />
<link rel="canonical" href="https://concentre.cat/es/localizacion/" />
<meta property="og:locale" content="es_ES" />
<meta property="og:type" content="article" />
<meta property="og:title" content="Localización del Centro de negocios en el Vallès - Concentre" />
<meta property="og:description" content="Estamos junto a la C-17, a 20min de Barcelona y en 1h de Girona. Dentro del Centro Comercial Sant Jordi, con restaurantes, supermercados, gimnasio, farmacia..." />
<meta property="og:url" content="https://concentre.cat/es/localizacion/" />
<meta property="og:site_name" content="Concentre" />
<meta property="article:modified_time" content="2019-01-08T09:39:21+00:00" />
<meta name="twitter:card" content="summary_large_image" />
<meta name="twitter:label1" content="Tiempo de lectura" />
	<meta name="twitter:data1" content="2 minutos" />
<script type="application/ld+json" class="yoast-schema-graph">{"@context":"https://schema.org","@graph":[{"@type":"WebPage","@id":"https://concentre.cat/es/localizacion/","url":"https://concentre.cat/es/localizacion/","name":"Localización del Centro de negocios en el Vallès - Concentre","isPartOf":{"@id":"https://concentre.cat/#website"},"datePublished":"2017-11-14T08:55:31+00:00","dateModified":"2019-01-08T09:39:21+00:00","description":"Estamos junto a la C-17, a 20min de Barcelona y en 1h de Girona. Dentro del Centro Comercial Sant Jordi, con restaurantes, supermercados, gimnasio, farmacia...","breadcrumb":{"@id":"https://concentre.cat/es/localizacion/#breadcrumb"},"inLanguage":"es","potentialAction":[{"@type":"ReadAction","target":["https://concentre.cat/es/localizacion/"]}]},{"@type":"BreadcrumbList","@id":"https://concentre.cat/es/localizacion/#breadcrumb","itemListElement":[{"@type":"ListItem","position":1,"name":"Inici","item":"https://concentre.cat/es/"},{"@type":"ListItem","position":2,"name":"Localización"}]},{"@type":"WebSite","@id":"https://concentre.cat/#website","url":"https://concentre.cat/","name":"Concentre","description":"Centre de negocis al Vallès - Lloguer d&#039;oficines i sales de reunions","publisher":{"@id":"https://concentre.cat/#organization"},"potentialAction":[{"@type":"SearchAction","target":{"@type":"EntryPoint","urlTemplate":"https://concentre.cat/?s={search_term_string}"},"query-input":{"@type":"PropertyValueSpecification","valueRequired":true,"valueName":"search_term_string"}}],"inLanguage":"es"},{"@type":"Organization","@id":"https://concentre.cat/#organization","name":"Concentre - Centre de negocis al Vallès","url":"https://concentre.cat/","logo":{"@type":"ImageObject","inLanguage":"es","@id":"https://concentre.cat/#/schema/logo/image/","url":"https://concentre.cat/wp-content/uploads/2017/06/Concentre_logo.png","contentUrl":"https://concentre.cat/wp-content/uploads/2017/06/Concentre_logo.png","width":860,"height":106,"caption":"Concentre - Centre de negocis al Vallès"},"image":{"@id":"https://concentre.cat/#/schema/logo/image/"}}]}</script>
<!-- / Yoast SEO plugin. -->

Localización del Centro de negocios en el Vallès - Concentre

Centre de negocis al Vallès - Lloguer d&#039;oficines i sales de reunions

Concentre - Centre de negocis al Vallès
